8*t - 1754*t = -3606. Calculate the remainder when t is divided by 55.
51
Let u = 45 - 63. Let j = -35 - -58. Let f = u + j. Calculate the remainder when 17 is divided by f.
2
Let g(x) = -41*x + 4. Let d be (4 - -1) + -2 + 12/(-3). Calculate the remainder when g(d) is divided by 13.
6
Calculate the remainder when 372 is divided by (-6160)/42*3/(-4).
42
Let l = 81 + -26. Suppose 393*d + 2706 = 516*d. What is the remainder when l is divided by d?
11
Let c(p) = 166*p - 55. Let o be c(3). Suppose 3*s - 5*u + u - 285 = 0, -5*s + o = 4*u. Calculate the remainder when s is divided by 46.
45
Let k = -2744 - -3352. What is the remainder when k is divided by 34?
30
Let y be 1 + 1/(2/54). Let z = 571 - 553. Calculate the remainder when z is divided by 144/y + (-1)/7.
3
Suppose 2*k = -5*o + 73, -4*k + 61 + 120 = 3*o. Let q(p) = 4*p**3 - 314*p**2 + 143*p + 1039. What is the remainder when k is divided by q(78)?
24
Let a = -3999 + 4082. What is the remainder when 311 is divided by a?
62
Let i = -171 - -53. Calculate the remainder when (-7 + 5)/(4/i) is divided by 16.
11
Suppose -2640 + 15492 = 54*u. What is the remainder when u is divided by 81?
76
Suppose -4*r = -4*a - 0*r - 28, 0 = a - 3*r + 17. What is the remainder when 333 is divided by 6*(-1)/a*168/18?
25
Suppose -27*s - 816 = -10*s. Calculate the remainder when ((-6)/(s/(-52)) + 5)*-30 is divided by 22.
1
Suppose 47*m - 19*m = 112. Suppose 248 = m*z - 4*h, -55*z + 5*h = -60*z + 330. What is the remainder when 317 is divided by z?
61
Suppose 26*s - 21*s - 396 = 4*g, -5*s - 5*g = -405. Suppose -2*v + 3*d = -s, -3 = -5*v - 3*d + 155. Calculate the remainder when 779 is divided by v.
31
Calculate the remainder when 15623 is divided by (2/6)/(928/(-16240) - 1151/(-19530)).
185
Let j(v) = -129*v - 245. What is the remainder when 324 is divided by j(-2)?
12
Suppose 4*n = -a - 33, 44 = -5*n - 3*a - 6. Let v(l) = -l**2 - 11*l - 10. Suppose 91*y = 169*y - 3978. What is the remainder when y is divided by v(n)?
15
Let v = 2074 - -3665. Calculate the remainder when v is divided by 198.
195
Let h(i) = 4 - i**2 + 16 - 45 - 27*i + 5*i. Let f be h(-12). Let d = f + -19. Calculate the remainder when d is divided by 21.
13
Let q = -289 - -273. Let u(d) = -18*d + 334 - 351 + 0*d**2 - d**2. Calculate the remainder when 41 is divided by u(q).
11
Calculate the remainder when 71 is divided by (-2290)/(-40) + 1/2*3/(-6).
14
Calculate the remainder when 4167 is divided by (-120)/24 + 57 - 9.
39
Suppose 4*k = 50 + 70. Calculate the remainder when k is divided by (48/76)/((-8)/(-76)).
0
Suppose 303 = 6*c + 1719. Let b = c - -244. Calculate the remainder when 37 is divided by b.
5
Let l(y) = y**3 - 20*y**2 + y - 22. Let f be l(20). Calculate the remainder when 114/171*1839/f*-1 is divided by 88.
85
Let a = -126 - -94. Let t = 143 + a. Calculate the remainder when t is divided by 14.
13
Suppose -50330 + 9147 = -97*v + 66390. What is the remainder when v is divided by 8?
5
Suppose 3*n + 10*b = 7*b - 24, -2*n - 3*b - 21 = 0. Calculate the remainder when 467 is divided by (n/(-24)*-268)/((-1)/2).
65
Suppose -3*u + 7*u + 3*m + 128 = 0, 2*u - 3*m = -64. Let l = u - -91. Suppose 40*j - 571 = -51. Calculate the remainder when l is divided by j.
7
Let s(m) = -m**2 + 2*m + 3*m - 3*m + 8*m + 1. Let j be s(9). Suppose 5*b = 3*b + j, -5*d + 5*b + 65 = 0. What is the remainder when 50 is divided by d?
14
Suppose 5*s = -2*k + 998, 44*s = 48*s - 2*k - 802. What is the remainder when 2208 is divided by s?
8
Let n(l) = -3*l**2 + 162*l - 2179. Suppose -o - 6 = -4*o. Suppose o*k - 2 - 2 = 0. Calculate the remainder when n(27) is divided by k.
0
Let m be -1 - -3 - (11 + 1)/(-3). Suppose d - 4 = 0, 3*t - d = -m*d + 353. What is the remainder when t is divided by 19?
16
Let x be 3 - 5605/(-8) - 39/(-104). Suppose -5*f = 3*q - 1088, -2*q + x = -f - f. What is the remainder when q is divided by 7?
6
Let x = 382 - 157. Let l = -50 + 61. What is the remainder when (-1)/(x/57 - 4) is divided by l?
8
Let d(o) = o**3 - 5*o**2 + 6*o - 21. Let n be d(5). Let a(y) = -6*y + 63. What is the remainder when 20 is divided by a(n)?
2
Let x(t) = 32*t**2 + 809*t + 808. Calculate the remainder when 1080 is divided by x(-1).
26
Let b = 21716 + -21578. Calculate the remainder when 471 is divided by b.
57
Let j = -296 - -302. Suppose -11*x - j = -12*x - 3*m, -4*x = 2*m - 44. What is the remainder when 22 is divided by x?
10
Suppose -3*b + 90 = -4*w, -2*b + 16*w = 17*w - 38. Calculate the remainder when 481 is divided by b.
19
Let w be (-5 - (-156)/30)/((-1)/(-55)). Suppose -286*a + 287*a - w = 0. Let s(i) = 32*i**2. Calculate the remainder when s(1) is divided by a.
10
Suppose -3*a + 808 = 4*o, 0*a - 20 = 5*a. Let v = o + -173. Calculate the remainder when 107 is divided by v.
11
What is the remainder when 43 is divided by 154/2*10/35?
21
Let k = 7429 + -7334. Calculate the remainder when 102 is divided by k.
7
Let y = 7141 + -7062. Suppose -6*i = 3*i - 2772. Calculate the remainder when i is divided by y.
71
What is the remainder when 2/23 - (-130200)/2415 is divided by 54?
0
Let q = -7 - -30. Let k(j) = j**3 + 26*j**2 - 8*j + 71. Let v be k(-28). Let c = -1206 - v. Calculate the remainder when c is divided by q.
21
What is the remainder when 6857 is divided by (29 - 1) + (-10 + -1 - 242/(-22))?
25
Let d(k) = 61*k - 443. What is the remainder when 51 is divided by d(8)?
6
Let a(k) = -4*k + 36. Let u(i) = 5*i - 34. Let n(g) = 6*a(g) + 5*u(g). Let f = 64 - 64. Calculate the remainder when 179 is divided by n(f).
41
Let v = 12017 - 11270. What is the remainder when v is divided by 32?
11
Let l(b) = -4*b**2 - 19*b - 21. Let n be l(-4). Let p = -41 - -59. What is the remainder when p is divided by -1 - 10*(n/6)/3?
2
Suppose 0 = -5*t + 4*u + 923, 10*t - 5*u = 11*t - 173. What is the remainder when t is divided by 50?
33
Let h = -135 + 140. Suppose -c = -3*u - 231, 13*u - 1174 = -h*c + 9*u. What is the remainder when c is divided by 59?
57
Let z = 339 - 313. Suppose z*y + 30 = 29*y. Calculate the remainder when 37 is divided by y.
7
Let j be (-5)/(-1)*(-144)/15. Let c = 176 + -227. Let p = j - c. Calculate the remainder when p is divided by 1.
0
What is the remainder when ((-312)/14)/(129/(-1204)) + (-1 - 0) is divided by 63?
18
Suppose 19*p - 138 = -24. Suppose 0 = -2*c - 4, p*x = 8*x + 3*c - 1204. What is the remainder when x is divided by 29?
25
Suppose 4*j - 20 - 28 = 5*h, h = 5*j - 18. Suppose 4*o = 8*o + 12, -5*o - 18 = -y. Let u = y - h. What is the remainder when 25 is divided by u?
3
Let t(m) = -7*m - 14*m + 43 + 23*m. Calculate the remainder when t(20) is divided by 30.
23
Suppose 8*y + i = 13*y - 43, 0 = 5*y + 2*i - 34. Calculate the remainder when (-9 - (-222)/24) + 1110/y is divided by 37.
28
Let i = -11 - -15. Let q = 148 + -133. Suppose -3*n + 13 = g, g - q = -2*n - 5. What is the remainder when g is divided by i?
0
Let f(j) = 197*j - 540. What is the remainder when 122 is divided by f(3)?
20
Let j(v) = -138*v - 4520. Calculate the remainder when 111 is divided by j(-33).
9
Calculate the remainder when 98 is divided by 2/3 + (-4 + 17/(-3) - -10).
0
Suppose -6*k + 11*k = 0. Suppose -5*m + 4*z + 160 = 0, k*z + 4*z + 132 = 4*m. Let p(d) = -14*d + 80. What is the remainder when p(0) is divided by m?
24
Suppose -26 - 4 = -3*q. Let w(o) = 13*o - 15. Let d be w(7). Suppose 0 = 12*z - 16*z + d. Calculate the remainder when z is divided by q.
9
Let n(j) = 224*j**2 + 11*j - 11. Let i be n(1). Suppose -4*h = 3*r - i, 3*r = 4*h + 2*r - 208. Calculate the remainder when h is divided by (-2)/8 - (-74)/8.
8
Suppose -2*b = -5*x + 10*x - 215, -172 = -4*x - 6*b. What is the remainder when 253 is divided by x?
38
Suppose -11*n = -t - 7*n + 972, -4*n = 12. Calculate the remainder when t is divided by 237.
12
Suppose -w = -17*w - 386 + 5698. Calculate the remainder when 671 is divided by w.
7
Let f be 142*16/(-7 - -11). Let t = f + -563. Calculate the remainder when 22 is divided by t.
2
Let j(n) = -n**3 + 98*n**2 + 309*n - 568. Calculate the remainder when (-33)/1*(-32)/24 is divided by j(101).
6
Let n = 3385 - 3272. Calculate the remainder when 349 is divided by n.
10
Let j(g) = 17*g**2 - 16*g + 44. Suppose 2*i + 2*i - 5 = -3*b, b = -3*i. Calculate the remainder when j(b) is di